{"id":1303,"date":"2021-01-31T10:24:15","date_gmt":"2021-01-31T08:24:15","guid":{"rendered":"https:\/\/dfv-undenheim.de\/?page_id=1303"},"modified":"2026-04-02T13:08:55","modified_gmt":"2026-04-02T11:08:55","slug":"termine","status":"publish","type":"page","link":"https:\/\/dfv-undenheim.de\/?page_id=1303","title":{"rendered":"Termine des Dorff\u00f6rdervereins"},"content":{"rendered":"\n<hr class=\"wp-block-separator has-css-opacity\"\/>\n\n\n\n<div class=\"wp-block-columns is-layout-flex wp-container-core-columns-is-layout-28f84493 wp-block-columns-is-layout-flex\">\n<div class=\"wp-block-column is-layout-flow wp-block-column-is-layout-flow\" style=\"flex-basis:33.33%\">\n<p>01.-24.12.26<\/p>\n\n\n\n<p>06.09.2026<\/p>\n\n\n\n<p>05.09.2026<\/p>\n\n\n\n<p>04.09.2026<\/p>\n\n\n\n<p>05.07.2026<\/p>\n\n\n\n<p>04.07.2026<\/p>\n\n\n\n<p>14.06.2026<\/p>\n\n\n\n<p>14.06.2026<\/p>\n\n\n\n<p>13.06.2026<\/p>\n\n\n\n<p>13.06.2026<\/p>\n\n\n\n<p>31.05.2026<\/p>\n\n\n\n<p>17.05.2026<\/p>\n\n\n\n<p>14.05.2026<\/p>\n\n\n\n<p>03.05.2026<\/p>\n\n\n\n<p>02.05.2026<\/p>\n\n\n\n<p>16.04.2026<\/p>\n\n\n\n<p>17.02.2026<\/p>\n\n\n\n<p>01.-23.12.25<\/p>\n\n\n\n<p>07.09.2025<\/p>\n\n\n\n<p>06.09.2025<\/p>\n\n\n\n<p>24.08.2025<\/p>\n\n\n\n<p>16.08.2025<\/p>\n\n\n\n<p>Ferien \u2026<\/p>\n\n\n\n<p>06.07.2025<\/p>\n\n\n\n<p>06.07.2025<\/p>\n\n\n\n<p>05.07.2025<\/p>\n\n\n\n<p>29.06.2025<\/p>\n\n\n\n<p>19.-21.06.25<\/p>\n\n\n\n<p>14.06.2025<\/p>\n\n\n\n<p>04.05.2025<\/p>\n\n\n\n<p>04.03.2025<\/p>\n\n\n\n<p>22.12.2024<\/p>\n\n\n\n<p>19.12.2024<\/p>\n\n\n\n<p>14.12.2024<\/p>\n\n\n\n<p>01.-23.12.24<\/p>\n\n\n\n<p>08.09.2024<\/p>\n\n\n\n<p>07.09.2024<\/p>\n\n\n\n<p>07.-09.08.24<\/p>\n\n\n\n<p>07.07.2024<\/p>\n\n\n\n<p>07.07.2024<\/p>\n\n\n\n<p>06.07.2024<\/p>\n\n\n\n<p>30.06.2024<\/p>\n\n\n\n<p>26.07.2024<\/p>\n\n\n\n<p>02.06.2024<\/p>\n\n\n\n<p>25.05.2024<\/p>\n\n\n\n<p>12.05.2024<\/p>\n\n\n\n<p>28.04.2024<\/p>\n\n\n\n<p>13.02.2024<\/p>\n\n\n\n<p>10.12.2023<\/p>\n\n\n\n<p>09.12.2023<\/p>\n\n\n\n<p>01.-23.12.2023<\/p>\n\n\n\n<p>10.09.2023<\/p>\n\n\n\n<p>09.09.2023<\/p>\n\n\n\n<p>27.08.2023<\/p>\n\n\n\n<p>16.07.2023<\/p>\n\n\n\n<p>15.07.2023<\/p>\n\n\n\n<p>09.07.2023<\/p>\n\n\n\n<p>02.07.2023<\/p>\n\n\n\n<p>02.07.2023<\/p>\n\n\n\n<p>01.07.2023<\/p>\n\n\n\n<p>25.06.2023<\/p>\n\n\n\n<p>16.06.2023<\/p>\n\n\n\n<p>18.05.2023<\/p>\n\n\n\n<p>14.05.2023<\/p>\n\n\n\n<p>21.02.2023<\/p>\n\n\n\n<p>19.01.2023<\/p>\n\n\n\n<p>18.12.2022<\/p>\n\n\n\n<p>01.-23.12.2022<\/p>\n\n\n\n<p>03.07.2022<\/p>\n\n\n\n<p>15.05.2022<\/p>\n\n\n\n<p>14.05.2022<\/p>\n\n\n\n<p>01.03.2022<\/p>\n\n\n\n<p>12.11.2021<\/p>\n\n\n\n<p>23.10.2021<\/p>\n\n\n\n<p>23.09.2021<\/p>\n\n\n\n<p>11.09.2021<\/p>\n\n\n\n<p>09.-18.07.2021<\/p>\n\n\n\n<p>02.05.2021<\/p>\n\n\n\n<p>23.04.2021<\/p>\n\n\n\n<p>24.02.2021<\/p>\n\n\n\n<p>16.02.2021<\/p>\n\n\n\n<p>07.01.2021<\/p>\n\n\n\n<p>12.12.2020<\/p>\n\n\n\n<p>10.10.2020<\/p>\n\n\n\n<p>16.07.2020<\/p>\n\n\n\n<p>29.06.2020<\/p>\n\n\n\n<p>27.05.2020<\/p>\n\n\n\n<p>22.05.2020<\/p>\n\n\n\n<p>03.05.2020<\/p>\n\n\n\n<p>29.03.2020<\/p>\n\n\n\n<p>25.02.2020<\/p>\n\n\n\n<p>15.12.2019<\/p>\n\n\n\n<p>13.05.2019<\/p>\n\n\n\n<p>09.05.2019<\/p>\n\n\n\n<p>16.04.2019<\/p>\n\n\n\n<p>30.03.2019<\/p>\n\n\n\n<p>23.03.2019<\/p>\n\n\n\n<p>05.03.2019<\/p>\n\n\n\n<p>17.11.2018<\/p>\n\n\n\n<p>10.11.2018<\/p>\n\n\n\n<p>08.11.2018<\/p>\n\n\n\n<p>14.05.2018<\/p>\n\n\n\n<p>15.02.2018<\/p>\n\n\n\n<p>31.01.2018<\/p>\n<\/div>\n\n\n\n<div class=\"wp-block-column is-layout-flow wp-block-column-is-layout-flow\" style=\"flex-basis:66.66%\">\n<p>Undenheims Lebendige Adventsfenster<\/p>\n\n\n\n<p>Kino im Hof f\u00fcr Kinder<\/p>\n\n\n\n<p>Kino im Hof f\u00fcr Erwachsene<\/p>\n\n\n\n<p>Kino im Hof f\u00fcr die Jugend<\/p>\n\n\n\n<p>H\u00f6feFlohmarkt<\/p>\n\n\n\n<p>Sommerh\u00fctte<\/p>\n\n\n\n<p>Damensachenbasar (EI)<\/p>\n\n\n\n<p>Sommermatinee mit dem \u00bbWhite Rabbit Duo\u00ab<\/p>\n\n\n\n<p>Ladys Night trifft Basar (EI)<\/p>\n\n\n\n<p>\u00bbMannella Live\u00ab Ein Sommerabend mit Indie-Pop<\/p>\n\n\n\n<p>Sommermatinee mit dem \u00bbAmonta Streichquartett\u00ab<\/p>\n\n\n\n<p>Sommermatinee mit dem \u00bbOppenheimer Saxophon Quartett\u00ab<\/p>\n\n\n\n<p>Vernissage \u00bbK\u00f6rperschicksale\u00ab mit Cocktail Piano<\/p>\n\n\n\n<p>Undenheim bl\u00fcht auf (unser Familienfest)<\/p>\n\n\n\n<p>Poesie und Klangsteine, Auftakt Undenheim bl\u00fcht auf<\/p>\n\n\n\n<p>Mitgliederversammlung im Junghof<\/p>\n\n\n\n<p>Fastnachtsdienstag<\/p>\n\n\n\n<p>Undenheims Lebendige Adventsfenster<\/p>\n\n\n\n<p>Kino im Hof f\u00fcr Kinder<\/p>\n\n\n\n<p>Kino im Hof f\u00fcr Erwachsene<\/p>\n\n\n\n<p>von Klassik bis Metallica (Sommermartinee)<\/p>\n\n\n\n<p>Musik tr\u00f6stet Seele mit Toby Bieker<\/p>\n\n\n\n<p>Ferienprogramm f\u00fcr Kinder<\/p>\n\n\n\n<p>Kinder- und Damensachenbasar<\/p>\n\n\n\n<p>H\u00f6feflohmarkt<\/p>\n\n\n\n<p>unsere Sommerh\u00fctte<\/p>\n\n\n\n<p>Sloopy Notes Jazzband (Sommermatinee)<\/p>\n\n\n\n<p>Graffiti Workshop<\/p>\n\n\n\n<p>Undenale 25 Vernissage<\/p>\n\n\n\n<p>Undenheim bl\u00fcht auf (Fr\u00fchlingsfest)<\/p>\n\n\n\n<p>Fastnachtsdienstag<\/p>\n\n\n\n<p>Adventsh\u00fctte unserer Elterninitiative<\/p>\n\n\n\n<p>unsere Adventsh\u00fctte mit Weihnachtsfeier des Vereins<\/p>\n\n\n\n<p>Adventsfenster und Spielplatzfest Elterninitiative<\/p>\n\n\n\n<p>Undenheims Lebendige Adventsfenster<\/p>\n\n\n\n<p>Kino im Hof f\u00fcr Kinder und Jugendliche<\/p>\n\n\n\n<p>Kino im Hof f\u00fcr Erwachsene<\/p>\n\n\n\n<p>Graffiti-Workshop 2024<\/p>\n\n\n\n<p>H\u00f6feflohmarkt<\/p>\n\n\n\n<p>Kinder- und Damensachenbasar<\/p>\n\n\n\n<p>Unsere Sommerh\u00fctte<\/p>\n\n\n\n<p>Sommermatinee mit Open Funk Jazz<\/p>\n\n\n\n<p>Sommerh\u00fctte Elterninitiative<\/p>\n\n\n\n<p>Klassik-Matinee Viola und Cello<\/p>\n\n\n\n<p>Vernissage 505 Kunst am Rhein<\/p>\n\n\n\n<p>Undenheim bl\u00fcht auf (Fr\u00fchlingsfest)<\/p>\n\n\n\n<p>Spielplatzfest &#8222;am Spess&#8220; Elterninitiative<\/p>\n\n\n\n<p>After-Umzug-Party 2024 mit Fastnachtsumzug<\/p>\n\n\n\n<p>Adventsh\u00fctte unserer Elterninitiative<\/p>\n\n\n\n<p>unsere Adventsh\u00fctte mit Weihnachtsfeier des Vereins<\/p>\n\n\n\n<p>Undenheims Lebendige Adventsfenster<\/p>\n\n\n\n<p>Kino im Hof f\u00fcr Kinder<\/p>\n\n\n\n<p>Kino in Hof<\/p>\n\n\n\n<p>Einweihung &#8222;Neugestaltung Beet rechts neben der ev. Kirche&#8220;<\/p>\n\n\n\n<p>Sommermatinee mit Viola und Harfe<\/p>\n\n\n\n<p>Unterst\u00fctzung &#8222;Viva la Musica&#8220;  Ch\u00f6re des GV 1862 Undenheim<\/p>\n\n\n\n<p>Sommerliche Blasmusik Jugendorchester der Kilianos Nierstein<\/p>\n\n\n\n<p>H\u00f6feFlohmarkt<\/p>\n\n\n\n<p>Kindersachenbasar unserer Elterninitiative &#8222;Spielplatz am Spess&#8220;<\/p>\n\n\n\n<p>Unsere Sommerh\u00fctte<\/p>\n\n\n\n<p>Sommermatinee Peter und der Wolf<\/p>\n\n\n\n<p>Kids meet K\u00fcnsterlerinnen und K\u00fcnstler bei der Arbeit (Fragment &#8211;  13. Pleinair Rheinhessen)<\/p>\n\n\n\n<p>Vernissage Undenale<\/p>\n\n\n\n<p>Undenheim bl\u00fcht auf (Fr\u00fchlingsfest)<\/p>\n\n\n\n<p>After-Umzugs-Party<\/p>\n\n\n\n<p>Mitgliederversammlung<\/p>\n\n\n\n<p>Adventsh\u00fctte unseres Vereins<\/p>\n\n\n\n<p>Undenheims Lebendige Adventsfenster <\/p>\n\n\n\n<p>H\u00f6feFlohmarkt<\/p>\n\n\n\n<p>Undenheim bl\u00fcht auf, Hofgut der Bernhardt-Stiftung <\/p>\n\n\n\n<p>Lesung mit Klangsteinkl\u00e4ngen und Ausstellung (Bernhardt Stiftung)<\/p>\n\n\n\n<p>AfterUmzugsParty, Goldbach-Halle <strong>[abgesagt]<\/strong> <\/p>\n\n\n\n<p>Benefiz-Konzert Rouge Baiser (2 G)<\/p>\n\n\n\n<p>Spielplatzer\u00f6ffnung Mozartstrasse<\/p>\n\n\n\n<p>Mitgliederversammlung<\/p>\n\n\n\n<p>H\u00f6feFlohmarkt<\/p>\n\n\n\n<p>Undenale 21 (Bernhardt Stiftung und Lions Club Oppenheim)<\/p>\n\n\n\n<p>Undenheim bl\u00fcht auf, Hofgut der Bernhardt-Stiftung <strong><strong>[abgesagt]<\/strong><\/strong><\/p>\n\n\n\n<p>LIONS K\u00fcnstlermarkt, Sektstand Hofgut der Bernhardt-Stiftung<strong> [abgesagt]<\/strong><\/p>\n\n\n\n<p>Arbeitseinsatz Spielplatz Mozartstra\u00dfe \/ Indianerdorf<\/p>\n\n\n\n<p>AfterUmzugsParty, Goldbach-Halle <strong>[abgesagt]<\/strong><\/p>\n\n\n\n<p>Verl\u00e4ngerung der Ehrenamtsf\u00f6rderung Indianerdorf Mozartstra\u00dfe<\/p>\n\n\n\n<p>Digitales Adventsfenster (siehe Download)<\/p>\n\n\n\n<p>Arbeitseinsatz Spielplatz Mozartstra\u00dfe \/ Indianerdorf<\/p>\n\n\n\n<p>Start Willkommenspakete Beetpaten<\/p>\n\n\n\n<p>\u00c4nderungsantrag auf Ehrenamtsf\u00f6rderung wird bewilligt<\/p>\n\n\n\n<p>Lesung Andrea Ballschuh <strong>[abgesagt]<\/strong><\/p>\n\n\n\n<p>Aufruf Beetpatenschaften<\/p>\n\n\n\n<p>Undenheim bl\u00fcht auf, Hofgut der Bernhard-Stiftung <strong>[abgesagt]<\/strong><\/p>\n\n\n\n<p>H\u00f6feflohmarkt <strong>[abgesagt]<\/strong><\/p>\n\n\n\n<p>AfterUmzugsParty, Goldbach-Halle<\/p>\n\n\n\n<p>Adventsh\u00fctte gemeinsam mit dem Jugendgarten Selztal<\/p>\n\n\n\n<p>Einweihung Spielplatz Wei\u00dfm\u00fchlweg<\/p>\n\n\n\n<p>Antrag auf Ehrenamtsf\u00f6rderung wird unterst\u00fctzt<\/p>\n\n\n\n<p>BfU \u00fcbergibt Beetpatenschaften an den Dorff\u00f6rderverein<\/p>\n\n\n\n<p>Arbeitseinsatz Spielplatz Wei\u00dfm\u00fchlweg<\/p>\n\n\n\n<p>Arbeitseinsatz Spielplatz Wei\u00dfm\u00fchlweg<\/p>\n\n\n\n<p>AfterUmzugsParty, Goldbach-Halle<\/p>\n\n\n\n<p>Arbeitseinsatz Spielplatz Wei\u00dfm\u00fchlweg<\/p>\n\n\n\n<p>Arbeitseinsatz Spielplatz Wei\u00dfm\u00fchlweg<\/p>\n\n\n\n<p>Arbeitseinsatz Spielplatz Wei\u00dfm\u00fchlweg<\/p>\n\n\n\n<p>Bewilligung Ehrenamtsf\u00f6rderung Spielplatz Wei\u00dfm\u00fchlweg<\/p>\n\n\n\n<p>Antrag auf Ehrenamtsf\u00f6rderung Spielplatz Wei\u00dfm\u00fchlweg<\/p>\n\n\n\n<p>Gr\u00fcndung des Vereins<\/p>\n<\/div>\n<\/div>\n\n\n\n<p>&nbsp;&nbsp;&nbsp;&nbsp;&nbsp;&nbsp; <\/p>\n\n\n\n<p><\/p>\n","protected":false},"excerpt":{"rendered":"<p>01.-24.12.26 06.09.2026 05.09.2026 04.09.2026 05.07.2026 04.07.2026 14.06.2026 14.06.2026 13.06.2026 13.06.2026 31.05.2026 17.05.2026 14.05.2026 03.05.2026 02.05.2026 16.04.2026 17.02.2026 01.-23.12.25 07.09.2025 06.09.2025 24.08.2025 16.08.2025 Ferien \u2026 06.07.2025 06.07.2025 05.07.2025 29.06.2025 19.-21.06.25 14.06.2025 04.05.2025 04.03.2025 22.12.2024 19.12.2024 14.12.2024 01.-23.12.24 08.09.2024 07.09.2024 07.-09.08.24 07.07.2024<\/p>\n","protected":false},"author":1,"featured_media":0,"parent":0,"menu_order":0,"comment_status":"closed","ping_status":"closed","template":"page-templates\/page-builder.php","meta":{"footnotes":""},"class_list":["post-1303","page","type-page","status-publish","hentry","","tg-column-two"],"aioseo_notices":[],"_links":{"self":[{"href":"https:\/\/dfv-undenheim.de\/index.php?rest_route=\/wp\/v2\/pages\/1303","targetHints":{"allow":["GET"]}}],"collection":[{"href":"https:\/\/dfv-undenheim.de\/index.php?rest_route=\/wp\/v2\/pages"}],"about":[{"href":"https:\/\/dfv-undenheim.de\/index.php?rest_route=\/wp\/v2\/types\/page"}],"author":[{"embeddable":true,"href":"https:\/\/dfv-undenheim.de\/index.php?rest_route=\/wp\/v2\/users\/1"}],"replies":[{"embeddable":true,"href":"https:\/\/dfv-undenheim.de\/index.php?rest_route=%2Fwp%2Fv2%2Fcomments&post=1303"}],"version-history":[{"count":31,"href":"https:\/\/dfv-undenheim.de\/index.php?rest_route=\/wp\/v2\/pages\/1303\/revisions"}],"predecessor-version":[{"id":3266,"href":"https:\/\/dfv-undenheim.de\/index.php?rest_route=\/wp\/v2\/pages\/1303\/revisions\/3266"}],"wp:attachment":[{"href":"https:\/\/dfv-undenheim.de\/index.php?rest_route=%2Fwp%2Fv2%2Fmedia&parent=1303"}],"curies":[{"name":"wp","href":"https:\/\/api.w.org\/{rel}","templated":true}]}}