{"id":1824,"date":"2021-08-26T17:24:53","date_gmt":"2021-08-26T15:24:53","guid":{"rendered":"https:\/\/dfv-undenheim.de\/?page_id=1824"},"modified":"2026-03-16T16:29:41","modified_gmt":"2026-03-16T15:29:41","slug":"hoefeflohmarkt","status":"publish","type":"page","link":"https:\/\/dfv-undenheim.de\/?page_id=1824","title":{"rendered":"H\u00f6feflohmarkt"},"content":{"rendered":"\n<pre class=\"wp-block-code\"><code><a href=\"https:\/\/dfv-undenheim.de\">Zur\u00fcck<\/a><\/code><\/pre>\n\n\n\n<p style=\"font-size:24px\">H\u00f6feFlohmarkt 2026<\/p>\n\n\n\n<p><a href=\"https:\/\/dfv-undenheim.de\/wp-content\/uploads\/2026\/03\/Hoefeflohmarkt-2026-ANSCHREIBEN-Hoefe-260309.pdf\" target=\"_blank\" rel=\"noopener\" title=\"\">Anmeldung H\u00f6fe<\/a><\/p>\n\n\n\n<p><a href=\"https:\/\/dfv-undenheim.de\/wp-content\/uploads\/2026\/03\/Hoefeflohmarkt-2026-ANSCHREIBEN-Verkaeufer-260306-1.pdf\" target=\"_blank\" rel=\"noopener\" title=\"\">Anmeldung Verk\u00e4ufer<\/a><\/p>\n\n\n\n<p><\/p>\n\n\n\n<h2 class=\"wp-block-heading\">H\u00f6feFlohmarkt 2025<\/h2>\n\n\n\n<h2 class=\"wp-block-heading has-medium-font-size\">mit Damen- sowie Kindersachenabgabebasar der Elterninitiative Undenheim<\/h2>\n\n\n\n<p><strong>Wiederverwertung, Geselligkeit und gute Laune: der H\u00f6feFlohmarkt samt Basaren 2025<\/strong><\/p>\n\n\n\n<p>29 H\u00f6fe, 75 Verk\u00e4ufer, ein belebter Ort, vielf\u00e4ltige Verpflegung, bunte Auswahl und positiv sommerliche Stimmung haben trotz kurzer Regenphase dazu beigetragen, dass der 5. H\u00f6feFlohmarkt Undenheim zu einem lebendigen Ort gemacht hat. Ein herzliches Dankesch\u00f6n an ALLE, die dazu ihren Beitrag geleistet haben.<\/p>\n\n\n\n<p>Viele der vielf\u00e4ltigen, gut erhaltenen teils historischen H\u00f6fe im Ortskern Undenheims haben ihre Tore f\u00fcr schaulustige Besucher im Rahmen unseres Flohmarktes ge\u00f6ffnet. Auf einem Rundweg wurde den Besuchern eine Mischung aus Jagdfieber und gem\u00fctlichem Einkaufsbummel geboten.<\/p>\n\n\n\n<p>Erg\u00e4nzt wurde dieser erneut durch einem Abgabebasar, dieses Jahr wieder f\u00fcr Kinder und Damen: 5.000 angebotene Artikel, gro\u00dfes Kuchenbuffet und 45 Helfer haben einen erneut wesentlichen Beitrag f\u00fcr das Projekt Umbau des Spielplatzes am Spess der Elterninitiative Undenheim erwirtschaftet. Gro\u00dfes Kompliment an das junge Team, welches dieses Gro\u00dfprojekt erfolgreich mit umfangreicher Unterst\u00fctzung von Rewe Undenheim gemeistert hat.<\/p>\n\n\n\n<p>Der Dorff\u00f6rderverein freut sich dar\u00fcber, dass durch diese Veranstaltung sowohl durch den Flohmarkt als auch die Basare viele Dinge im Sinne der Wiederverwertung einen neuen Besitzer gefunden haben und dass gleichzeitig Gemeinschaft Undenheims mit seinen Nachbargemeinden auf gef\u00fcllten Stra\u00dfen gelebt werden konnte. \u201eDas war wirklich ein Tag mit rhoihessisch Gebabbel! Ganz wie in alten Zeiten\u201c freute sich eine Hofbesitzerin begeistert.<\/p>\n\n\n\n<p>Merken Sie sich schon mal den 05. Juli 2026. Denn dann hei\u00dft es wieder: Tr\u00f6deln und entdecken Sie Undenheim mit dem H\u00f6feFlohmarkt und vermutlich den 14.06.2026 f\u00fcr die &nbsp;Abgabebasare 2026. Interesse kann bereits jetzt unter <a href=\"mailto:Info@Dorff\u00f6rderverein-Undenheim.de\"><strong>Info@Dorff\u00f6rderverein-Undenheim.de<\/strong><\/a> angemeldet werden.<\/p>\n\n\n\n<div class=\"wp-block-columns is-layout-flex wp-container-core-columns-is-layout-28f84493 wp-block-columns-is-layout-flex\">\n<div class=\"wp-block-column is-layout-flow wp-block-column-is-layout-flow\">\n<figure class=\"wp-block-image size-large\"><img loading=\"lazy\" decoding=\"async\" width=\"1024\" height=\"576\" src=\"https:\/\/dfv-undenheim.de\/wp-content\/uploads\/2025\/05\/IMG_1906-1024x576.jpg\" alt=\"\" class=\"wp-image-3028\" srcset=\"https:\/\/dfv-undenheim.de\/wp-content\/uploads\/2025\/05\/IMG_1906-1024x576.jpg 1024w, https:\/\/dfv-undenheim.de\/wp-content\/uploads\/2025\/05\/IMG_1906-300x169.jpg 300w, https:\/\/dfv-undenheim.de\/wp-content\/uploads\/2025\/05\/IMG_1906-768x432.jpg 768w, https:\/\/dfv-undenheim.de\/wp-content\/uploads\/2025\/05\/IMG_1906-1536x864.jpg 1536w, https:\/\/dfv-undenheim.de\/wp-content\/uploads\/2025\/05\/IMG_1906-2048x1152.jpg 2048w\" sizes=\"auto, (max-width: 1024px) 100vw, 1024px\" \/><\/figure>\n<\/div>\n\n\n\n<div class=\"wp-block-column is-layout-flow wp-block-column-is-layout-flow\">\n<figure class=\"wp-block-image size-large\"><img loading=\"lazy\" decoding=\"async\" width=\"1024\" height=\"576\" src=\"https:\/\/dfv-undenheim.de\/wp-content\/uploads\/2025\/05\/IMG_1911-1-1024x576.jpg\" alt=\"\" class=\"wp-image-3031\" srcset=\"https:\/\/dfv-undenheim.de\/wp-content\/uploads\/2025\/05\/IMG_1911-1-1024x576.jpg 1024w, https:\/\/dfv-undenheim.de\/wp-content\/uploads\/2025\/05\/IMG_1911-1-300x169.jpg 300w, https:\/\/dfv-undenheim.de\/wp-content\/uploads\/2025\/05\/IMG_1911-1-768x432.jpg 768w, https:\/\/dfv-undenheim.de\/wp-content\/uploads\/2025\/05\/IMG_1911-1-1536x864.jpg 1536w, https:\/\/dfv-undenheim.de\/wp-content\/uploads\/2025\/05\/IMG_1911-1-2048x1152.jpg 2048w\" sizes=\"auto, (max-width: 1024px) 100vw, 1024px\" \/><\/figure>\n<\/div>\n\n\n\n<div class=\"wp-block-column is-layout-flow wp-block-column-is-layout-flow\">\n<figure class=\"wp-block-image size-large\"><img loading=\"lazy\" decoding=\"async\" width=\"1024\" height=\"576\" src=\"https:\/\/dfv-undenheim.de\/wp-content\/uploads\/2025\/05\/IMG_8789-1024x576.jpg\" alt=\"\" class=\"wp-image-3032\" srcset=\"https:\/\/dfv-undenheim.de\/wp-content\/uploads\/2025\/05\/IMG_8789-1024x576.jpg 1024w, https:\/\/dfv-undenheim.de\/wp-content\/uploads\/2025\/05\/IMG_8789-300x169.jpg 300w, https:\/\/dfv-undenheim.de\/wp-content\/uploads\/2025\/05\/IMG_8789-768x432.jpg 768w, https:\/\/dfv-undenheim.de\/wp-content\/uploads\/2025\/05\/IMG_8789-1536x864.jpg 1536w, https:\/\/dfv-undenheim.de\/wp-content\/uploads\/2025\/05\/IMG_8789-2048x1152.jpg 2048w\" sizes=\"auto, (max-width: 1024px) 100vw, 1024px\" \/><\/figure>\n<\/div>\n<\/div>\n\n\n\n<div class=\"wp-block-columns is-layout-flex wp-container-core-columns-is-layout-28f84493 wp-block-columns-is-layout-flex\">\n<div class=\"wp-block-column is-layout-flow wp-block-column-is-layout-flow\">\n<figure class=\"wp-block-image size-large\"><img loading=\"lazy\" decoding=\"async\" width=\"576\" height=\"1024\" src=\"https:\/\/dfv-undenheim.de\/wp-content\/uploads\/2025\/05\/IMG_8791-1-576x1024.jpg\" alt=\"\" class=\"wp-image-3033\" srcset=\"https:\/\/dfv-undenheim.de\/wp-content\/uploads\/2025\/05\/IMG_8791-1-576x1024.jpg 576w, https:\/\/dfv-undenheim.de\/wp-content\/uploads\/2025\/05\/IMG_8791-1-169x300.jpg 169w, https:\/\/dfv-undenheim.de\/wp-content\/uploads\/2025\/05\/IMG_8791-1-768x1365.jpg 768w, https:\/\/dfv-undenheim.de\/wp-content\/uploads\/2025\/05\/IMG_8791-1-864x1536.jpg 864w, https:\/\/dfv-undenheim.de\/wp-content\/uploads\/2025\/05\/IMG_8791-1-1152x2048.jpg 1152w, https:\/\/dfv-undenheim.de\/wp-content\/uploads\/2025\/05\/IMG_8791-1-scaled.jpg 1440w\" sizes=\"auto, (max-width: 576px) 100vw, 576px\" \/><\/figure>\n<\/div>\n\n\n\n<div class=\"wp-block-column is-layout-flow wp-block-column-is-layout-flow\"><\/div>\n\n\n\n<div class=\"wp-block-column is-layout-flow wp-block-column-is-layout-flow\">\n<figure class=\"wp-block-image size-large\"><img loading=\"lazy\" decoding=\"async\" width=\"576\" height=\"1024\" src=\"https:\/\/dfv-undenheim.de\/wp-content\/uploads\/2025\/05\/IMG_8808-576x1024.jpg\" alt=\"\" class=\"wp-image-3034\" srcset=\"https:\/\/dfv-undenheim.de\/wp-content\/uploads\/2025\/05\/IMG_8808-576x1024.jpg 576w, https:\/\/dfv-undenheim.de\/wp-content\/uploads\/2025\/05\/IMG_8808-169x300.jpg 169w, https:\/\/dfv-undenheim.de\/wp-content\/uploads\/2025\/05\/IMG_8808-768x1365.jpg 768w, https:\/\/dfv-undenheim.de\/wp-content\/uploads\/2025\/05\/IMG_8808-864x1536.jpg 864w, https:\/\/dfv-undenheim.de\/wp-content\/uploads\/2025\/05\/IMG_8808-1152x2048.jpg 1152w, https:\/\/dfv-undenheim.de\/wp-content\/uploads\/2025\/05\/IMG_8808-scaled.jpg 1440w\" sizes=\"auto, (max-width: 576px) 100vw, 576px\" \/><\/figure>\n<\/div>\n<\/div>\n\n\n\n<div class=\"wp-block-columns is-layout-flex wp-container-core-columns-is-layout-28f84493 wp-block-columns-is-layout-flex\">\n<div class=\"wp-block-column is-layout-flow wp-block-column-is-layout-flow\">\n<figure class=\"wp-block-image size-large\"><img loading=\"lazy\" decoding=\"async\" width=\"1024\" height=\"576\" src=\"https:\/\/dfv-undenheim.de\/wp-content\/uploads\/2025\/05\/IMG_8793-1024x576.jpg\" alt=\"\" class=\"wp-image-3035\" srcset=\"https:\/\/dfv-undenheim.de\/wp-content\/uploads\/2025\/05\/IMG_8793-1024x576.jpg 1024w, https:\/\/dfv-undenheim.de\/wp-content\/uploads\/2025\/05\/IMG_8793-300x169.jpg 300w, https:\/\/dfv-undenheim.de\/wp-content\/uploads\/2025\/05\/IMG_8793-768x432.jpg 768w, https:\/\/dfv-undenheim.de\/wp-content\/uploads\/2025\/05\/IMG_8793-1536x864.jpg 1536w, https:\/\/dfv-undenheim.de\/wp-content\/uploads\/2025\/05\/IMG_8793-2048x1152.jpg 2048w\" sizes=\"auto, (max-width: 1024px) 100vw, 1024px\" \/><\/figure>\n<\/div>\n\n\n\n<div class=\"wp-block-column is-layout-flow wp-block-column-is-layout-flow\">\n<figure class=\"wp-block-image size-large\"><img loading=\"lazy\" decoding=\"async\" width=\"1024\" height=\"576\" src=\"https:\/\/dfv-undenheim.de\/wp-content\/uploads\/2025\/05\/IMG_8794-1024x576.jpg\" alt=\"\" class=\"wp-image-3036\" srcset=\"https:\/\/dfv-undenheim.de\/wp-content\/uploads\/2025\/05\/IMG_8794-1024x576.jpg 1024w, https:\/\/dfv-undenheim.de\/wp-content\/uploads\/2025\/05\/IMG_8794-300x169.jpg 300w, https:\/\/dfv-undenheim.de\/wp-content\/uploads\/2025\/05\/IMG_8794-768x432.jpg 768w, https:\/\/dfv-undenheim.de\/wp-content\/uploads\/2025\/05\/IMG_8794-1536x864.jpg 1536w, https:\/\/dfv-undenheim.de\/wp-content\/uploads\/2025\/05\/IMG_8794-2048x1152.jpg 2048w\" sizes=\"auto, (max-width: 1024px) 100vw, 1024px\" \/><\/figure>\n<\/div>\n\n\n\n<div class=\"wp-block-column is-layout-flow wp-block-column-is-layout-flow\">\n<figure class=\"wp-block-image size-large\"><img loading=\"lazy\" decoding=\"async\" width=\"1024\" height=\"576\" src=\"https:\/\/dfv-undenheim.de\/wp-content\/uploads\/2025\/05\/IMG_8795-1024x576.jpg\" alt=\"\" class=\"wp-image-3037\" srcset=\"https:\/\/dfv-undenheim.de\/wp-content\/uploads\/2025\/05\/IMG_8795-1024x576.jpg 1024w, https:\/\/dfv-undenheim.de\/wp-content\/uploads\/2025\/05\/IMG_8795-300x169.jpg 300w, https:\/\/dfv-undenheim.de\/wp-content\/uploads\/2025\/05\/IMG_8795-768x432.jpg 768w, https:\/\/dfv-undenheim.de\/wp-content\/uploads\/2025\/05\/IMG_8795-1536x864.jpg 1536w, https:\/\/dfv-undenheim.de\/wp-content\/uploads\/2025\/05\/IMG_8795-2048x1152.jpg 2048w\" sizes=\"auto, (max-width: 1024px) 100vw, 1024px\" \/><\/figure>\n<\/div>\n<\/div>\n\n\n\n<div class=\"wp-block-columns is-layout-flex wp-container-core-columns-is-layout-28f84493 wp-block-columns-is-layout-flex\">\n<div class=\"wp-block-column is-layout-flow wp-block-column-is-layout-flow\">\n<figure class=\"wp-block-image size-large\"><img loading=\"lazy\" decoding=\"async\" width=\"1024\" height=\"576\" src=\"https:\/\/dfv-undenheim.de\/wp-content\/uploads\/2025\/05\/IMG_8802-1024x576.jpg\" alt=\"\" class=\"wp-image-3038\" srcset=\"https:\/\/dfv-undenheim.de\/wp-content\/uploads\/2025\/05\/IMG_8802-1024x576.jpg 1024w, https:\/\/dfv-undenheim.de\/wp-content\/uploads\/2025\/05\/IMG_8802-300x169.jpg 300w, https:\/\/dfv-undenheim.de\/wp-content\/uploads\/2025\/05\/IMG_8802-768x432.jpg 768w, https:\/\/dfv-undenheim.de\/wp-content\/uploads\/2025\/05\/IMG_8802-1536x864.jpg 1536w, https:\/\/dfv-undenheim.de\/wp-content\/uploads\/2025\/05\/IMG_8802-2048x1152.jpg 2048w\" sizes=\"auto, (max-width: 1024px) 100vw, 1024px\" \/><\/figure>\n<\/div>\n\n\n\n<div class=\"wp-block-column is-layout-flow wp-block-column-is-layout-flow\">\n<figure class=\"wp-block-image size-large\"><img loading=\"lazy\" decoding=\"async\" width=\"1024\" height=\"576\" src=\"https:\/\/dfv-undenheim.de\/wp-content\/uploads\/2025\/05\/IMG_8804-1024x576.jpg\" alt=\"\" class=\"wp-image-3039\" srcset=\"https:\/\/dfv-undenheim.de\/wp-content\/uploads\/2025\/05\/IMG_8804-1024x576.jpg 1024w, https:\/\/dfv-undenheim.de\/wp-content\/uploads\/2025\/05\/IMG_8804-300x169.jpg 300w, https:\/\/dfv-undenheim.de\/wp-content\/uploads\/2025\/05\/IMG_8804-768x432.jpg 768w, https:\/\/dfv-undenheim.de\/wp-content\/uploads\/2025\/05\/IMG_8804-1536x864.jpg 1536w, https:\/\/dfv-undenheim.de\/wp-content\/uploads\/2025\/05\/IMG_8804-2048x1152.jpg 2048w\" sizes=\"auto, (max-width: 1024px) 100vw, 1024px\" \/><\/figure>\n<\/div>\n\n\n\n<div class=\"wp-block-column is-layout-flow wp-block-column-is-layout-flow\">\n<figure class=\"wp-block-image size-large\"><img loading=\"lazy\" decoding=\"async\" width=\"1024\" height=\"576\" src=\"https:\/\/dfv-undenheim.de\/wp-content\/uploads\/2025\/05\/IMG_8815-1024x576.jpg\" alt=\"\" class=\"wp-image-3040\" srcset=\"https:\/\/dfv-undenheim.de\/wp-content\/uploads\/2025\/05\/IMG_8815-1024x576.jpg 1024w, https:\/\/dfv-undenheim.de\/wp-content\/uploads\/2025\/05\/IMG_8815-300x169.jpg 300w, https:\/\/dfv-undenheim.de\/wp-content\/uploads\/2025\/05\/IMG_8815-768x432.jpg 768w, https:\/\/dfv-undenheim.de\/wp-content\/uploads\/2025\/05\/IMG_8815-1536x864.jpg 1536w, https:\/\/dfv-undenheim.de\/wp-content\/uploads\/2025\/05\/IMG_8815-2048x1152.jpg 2048w\" sizes=\"auto, (max-width: 1024px) 100vw, 1024px\" \/><\/figure>\n<\/div>\n<\/div>\n\n\n\n<p><strong>Heute gro\u00dfer Tag &#8211; wir w\u00fcnschen euch einen unterhaltsamen, erfolgreichen Markttag!<\/strong><\/p>\n\n\n\n<p>leider ist der Hof nummer 13 nicht besetzt, also bitte nicht den Weg auf euch nehmen.<\/p>\n\n\n\n<p>Morgen ist unser gro\u00dfer Tag &#x1f601; Aufbau 9:00-11:00 Uhr! Beginn 11:00 bis mind. 16:00 Uhr. Wir haben morgen den gro\u00dfen Wolkensonnenschirm aufgespannt, insofern m\u00f6glich ein J\u00e4ckchen rauslegen: 22 Grad werden es aber morgen trotzdem. Ich hoffe f\u00fcr alle, dass der Regen erst um 18:00 Uhr kommt und habe ein gutes Gef\u00fchl.<\/p>\n\n\n\n<p> Wir w\u00fcnschen euch und unseren Verk\u00e4ufern gute Ums\u00e4tze, viel Spa\u00df und Unterhaltung. Wenn irgendein Problem auftreten sollte, wir helfen gerne. Unseren G\u00e4sten w\u00fcnschen wir die sch\u00f6nsten Schn\u00e4ppchen und dass ihr uns in guter Erinnnerung behaltet. Ganz liebe Gr\u00fc\u00dfe euer Dorff\u00f6rderverein.<\/p>\n\n\n\n<div class=\"wp-block-columns is-layout-flex wp-container-core-columns-is-layout-28f84493 wp-block-columns-is-layout-flex\">\n<div class=\"wp-block-column is-layout-flow wp-block-column-is-layout-flow\"><\/div>\n<\/div>\n\n\n\n<p><a href=\"https:\/\/dfv-undenheim.de\/wp-content\/uploads\/2025\/04\/Hoefeflohmarkt-2025-ANSCHREIBEN-Verkaeufer-250417.pdf\" target=\"_blank\" rel=\"noopener\" title=\"\">Anmeldung Verk\u00e4ufer<\/a> Herunterladen<\/p>\n\n\n\n<div class=\"wp-block-columns is-layout-flex wp-container-core-columns-is-layout-28f84493 wp-block-columns-is-layout-flex\">\n<div class=\"wp-block-column is-layout-flow wp-block-column-is-layout-flow\">\n<figure class=\"wp-block-image size-large\"><img loading=\"lazy\" decoding=\"async\" width=\"731\" height=\"1024\" src=\"https:\/\/dfv-undenheim.de\/wp-content\/uploads\/2025\/06\/Hoefeflohmarkt-2025-Blatt-250512-731x1024.jpg\" alt=\"\" class=\"wp-image-2996\" srcset=\"https:\/\/dfv-undenheim.de\/wp-content\/uploads\/2025\/06\/Hoefeflohmarkt-2025-Blatt-250512-731x1024.jpg 731w, https:\/\/dfv-undenheim.de\/wp-content\/uploads\/2025\/06\/Hoefeflohmarkt-2025-Blatt-250512-214x300.jpg 214w, https:\/\/dfv-undenheim.de\/wp-content\/uploads\/2025\/06\/Hoefeflohmarkt-2025-Blatt-250512-768x1076.jpg 768w, https:\/\/dfv-undenheim.de\/wp-content\/uploads\/2025\/06\/Hoefeflohmarkt-2025-Blatt-250512.jpg 993w\" sizes=\"auto, (max-width: 731px) 100vw, 731px\" \/><\/figure>\n<\/div>\n\n\n\n<div class=\"wp-block-column is-layout-flow wp-block-column-is-layout-flow\">\n<figure class=\"wp-block-image size-large is-resized\"><img loading=\"lazy\" decoding=\"async\" width=\"465\" height=\"1024\" src=\"https:\/\/dfv-undenheim.de\/wp-content\/uploads\/2025\/06\/Bildschirmfoto-2025-06-10-um-09.14.56-465x1024.png\" alt=\"\" class=\"wp-image-2990\" style=\"width:227px;height:auto\" srcset=\"https:\/\/dfv-undenheim.de\/wp-content\/uploads\/2025\/06\/Bildschirmfoto-2025-06-10-um-09.14.56-465x1024.png 465w, https:\/\/dfv-undenheim.de\/wp-content\/uploads\/2025\/06\/Bildschirmfoto-2025-06-10-um-09.14.56-136x300.png 136w, https:\/\/dfv-undenheim.de\/wp-content\/uploads\/2025\/06\/Bildschirmfoto-2025-06-10-um-09.14.56-697x1536.png 697w, https:\/\/dfv-undenheim.de\/wp-content\/uploads\/2025\/06\/Bildschirmfoto-2025-06-10-um-09.14.56.png 710w\" sizes=\"auto, (max-width: 465px) 100vw, 465px\" \/><\/figure>\n<\/div>\n<\/div>\n\n\n\n<figure class=\"wp-block-image size-large\"><img loading=\"lazy\" decoding=\"async\" width=\"1024\" height=\"556\" src=\"https:\/\/dfv-undenheim.de\/wp-content\/uploads\/2025\/05\/Hoefeflohmarkt-2025-Flyer-250527-Wickelfalz8-Seite1-1024x556.png\" alt=\"\" class=\"wp-image-2993\" srcset=\"https:\/\/dfv-undenheim.de\/wp-content\/uploads\/2025\/05\/Hoefeflohmarkt-2025-Flyer-250527-Wickelfalz8-Seite1-1024x556.png 1024w, https:\/\/dfv-undenheim.de\/wp-content\/uploads\/2025\/05\/Hoefeflohmarkt-2025-Flyer-250527-Wickelfalz8-Seite1-300x163.png 300w, https:\/\/dfv-undenheim.de\/wp-content\/uploads\/2025\/05\/Hoefeflohmarkt-2025-Flyer-250527-Wickelfalz8-Seite1-768x417.png 768w, https:\/\/dfv-undenheim.de\/wp-content\/uploads\/2025\/05\/Hoefeflohmarkt-2025-Flyer-250527-Wickelfalz8-Seite1-1536x834.png 1536w, https:\/\/dfv-undenheim.de\/wp-content\/uploads\/2025\/05\/Hoefeflohmarkt-2025-Flyer-250527-Wickelfalz8-Seite1-2048x1112.png 2048w\" sizes=\"auto, (max-width: 1024px) 100vw, 1024px\" \/><\/figure>\n\n\n\n<figure class=\"wp-block-image size-large\"><img loading=\"lazy\" decoding=\"async\" width=\"1024\" height=\"557\" src=\"https:\/\/dfv-undenheim.de\/wp-content\/uploads\/2025\/05\/Hoefeflohmarkt-2025-Flyer-250527-Wickelfalz8-Seite2-1024x557.png\" alt=\"\" class=\"wp-image-2994\" srcset=\"https:\/\/dfv-undenheim.de\/wp-content\/uploads\/2025\/05\/Hoefeflohmarkt-2025-Flyer-250527-Wickelfalz8-Seite2-1024x557.png 1024w, https:\/\/dfv-undenheim.de\/wp-content\/uploads\/2025\/05\/Hoefeflohmarkt-2025-Flyer-250527-Wickelfalz8-Seite2-300x163.png 300w, https:\/\/dfv-undenheim.de\/wp-content\/uploads\/2025\/05\/Hoefeflohmarkt-2025-Flyer-250527-Wickelfalz8-Seite2-768x418.png 768w, https:\/\/dfv-undenheim.de\/wp-content\/uploads\/2025\/05\/Hoefeflohmarkt-2025-Flyer-250527-Wickelfalz8-Seite2-1536x836.png 1536w, https:\/\/dfv-undenheim.de\/wp-content\/uploads\/2025\/05\/Hoefeflohmarkt-2025-Flyer-250527-Wickelfalz8-Seite2-2048x1115.png 2048w\" sizes=\"auto, (max-width: 1024px) 100vw, 1024px\" \/><\/figure>\n\n\n\n<h2 class=\"wp-block-heading has-electric-grass-gradient-background has-background has-x-large-font-size\"><strong>Vergangene Jahre<\/strong><\/h2>\n\n\n\n<h2 class=\"wp-block-heading\">H\u00f6feFlohmarkt 2024<\/h2>\n\n\n\n<figure class=\"wp-block-image size-large\"><img loading=\"lazy\" decoding=\"async\" width=\"1024\" height=\"724\" src=\"https:\/\/dfv-undenheim.de\/wp-content\/uploads\/2024\/06\/Hoefeflohmarkt-2024-Flyer-240610_Seite_1-1024x724.jpg\" alt=\"\" class=\"wp-image-2526\" srcset=\"https:\/\/dfv-undenheim.de\/wp-content\/uploads\/2024\/06\/Hoefeflohmarkt-2024-Flyer-240610_Seite_1-1024x724.jpg 1024w, https:\/\/dfv-undenheim.de\/wp-content\/uploads\/2024\/06\/Hoefeflohmarkt-2024-Flyer-240610_Seite_1-300x212.jpg 300w, https:\/\/dfv-undenheim.de\/wp-content\/uploads\/2024\/06\/Hoefeflohmarkt-2024-Flyer-240610_Seite_1-768x543.jpg 768w, https:\/\/dfv-undenheim.de\/wp-content\/uploads\/2024\/06\/Hoefeflohmarkt-2024-Flyer-240610_Seite_1-1536x1086.jpg 1536w, https:\/\/dfv-undenheim.de\/wp-content\/uploads\/2024\/06\/Hoefeflohmarkt-2024-Flyer-240610_Seite_1-2048x1447.jpg 2048w\" sizes=\"auto, (max-width: 1024px) 100vw, 1024px\" \/><\/figure>\n\n\n\n<figure class=\"wp-block-image size-large\"><img loading=\"lazy\" decoding=\"async\" width=\"1024\" height=\"730\" src=\"https:\/\/dfv-undenheim.de\/wp-content\/uploads\/2024\/06\/Hoefeflohmarkt-2024-Flyer-240610_Seite_2-1024x730.jpg\" alt=\"\" class=\"wp-image-2527\" srcset=\"https:\/\/dfv-undenheim.de\/wp-content\/uploads\/2024\/06\/Hoefeflohmarkt-2024-Flyer-240610_Seite_2-1024x730.jpg 1024w, https:\/\/dfv-undenheim.de\/wp-content\/uploads\/2024\/06\/Hoefeflohmarkt-2024-Flyer-240610_Seite_2-300x214.jpg 300w, https:\/\/dfv-undenheim.de\/wp-content\/uploads\/2024\/06\/Hoefeflohmarkt-2024-Flyer-240610_Seite_2-768x548.jpg 768w, https:\/\/dfv-undenheim.de\/wp-content\/uploads\/2024\/06\/Hoefeflohmarkt-2024-Flyer-240610_Seite_2-1536x1095.jpg 1536w, https:\/\/dfv-undenheim.de\/wp-content\/uploads\/2024\/06\/Hoefeflohmarkt-2024-Flyer-240610_Seite_2-2048x1460.jpg 2048w\" sizes=\"auto, (max-width: 1024px) 100vw, 1024px\" \/><\/figure>\n\n\n\n<p><a href=\"https:\/\/dfv-undenheim.de\/wp-content\/uploads\/2024\/05\/Hoefeflohmarkt-2024-ANSCHREIBEN-Verkaeufer-240414-Flyer.pdf\" target=\"_blank\" rel=\"noopener\" title=\"\">Anmeldung Verk\u00e4ufer<\/a> Herunterladen<\/p>\n\n\n\n<p><a href=\"https:\/\/dfv-undenheim.de\/wp-content\/uploads\/2024\/05\/Hoefeflohmarkt-2024-ANSCHREIBEN-Hoefe-240329.pdf\" target=\"_blank\" rel=\"noopener\" title=\"\">Anmeldung H\u00f6fe<\/a> Herunterladen<\/p>\n\n\n\n<figure class=\"wp-block-image size-large is-resized\"><img loading=\"lazy\" decoding=\"async\" width=\"728\" height=\"1024\" src=\"https:\/\/dfv-undenheim.de\/wp-content\/uploads\/2024\/05\/Hoefeflohmarkt-2024-PLAKAT-hoch-A3-728x1024.jpg\" alt=\"\" class=\"wp-image-2477\" style=\"width:721px;height:auto\" srcset=\"https:\/\/dfv-undenheim.de\/wp-content\/uploads\/2024\/05\/Hoefeflohmarkt-2024-PLAKAT-hoch-A3-728x1024.jpg 728w, https:\/\/dfv-undenheim.de\/wp-content\/uploads\/2024\/05\/Hoefeflohmarkt-2024-PLAKAT-hoch-A3-213x300.jpg 213w, https:\/\/dfv-undenheim.de\/wp-content\/uploads\/2024\/05\/Hoefeflohmarkt-2024-PLAKAT-hoch-A3-768x1080.jpg 768w, https:\/\/dfv-undenheim.de\/wp-content\/uploads\/2024\/05\/Hoefeflohmarkt-2024-PLAKAT-hoch-A3-1092x1536.jpg 1092w, https:\/\/dfv-undenheim.de\/wp-content\/uploads\/2024\/05\/Hoefeflohmarkt-2024-PLAKAT-hoch-A3.jpg 1145w\" sizes=\"auto, (max-width: 728px) 100vw, 728px\" \/><\/figure>\n\n\n\n<p><br><br>H\u00f6feFlohmarkt 2023<\/p>\n\n\n\n<p><a href=\"https:\/\/dfv-undenheim.de\/wp-content\/uploads\/2023\/04\/Hoefeflohmarkt-2023-ANSCHREIBEN-Verkaeufer-230319-Flyer.pdf\" target=\"_blank\" rel=\"noopener\" title=\"\">Anmeldung Verk\u00e4ufer<\/a> Herunterladen<\/p>\n\n\n\n<p><a href=\"https:\/\/dfv-undenheim.de\/wp-content\/uploads\/2023\/03\/Hoefeflohmarkt-2023-ANSCHREIBEN-Hoefe-230309.pdf\" target=\"_blank\" rel=\"noopener\" title=\"\">Anmeldung H\u00f6fe<\/a> Herunterladen<\/p>\n\n\n\n<figure class=\"wp-block-image size-large\"><img loading=\"lazy\" decoding=\"async\" width=\"728\" height=\"1024\" src=\"https:\/\/dfv-undenheim.de\/wp-content\/uploads\/2023\/03\/Hoefeflohmarkt-2023-PLAKAT-hoch-A3-1-728x1024.jpg\" alt=\"\" class=\"wp-image-2097\" srcset=\"https:\/\/dfv-undenheim.de\/wp-content\/uploads\/2023\/03\/Hoefeflohmarkt-2023-PLAKAT-hoch-A3-1-728x1024.jpg 728w, https:\/\/dfv-undenheim.de\/wp-content\/uploads\/2023\/03\/Hoefeflohmarkt-2023-PLAKAT-hoch-A3-1-213x300.jpg 213w, https:\/\/dfv-undenheim.de\/wp-content\/uploads\/2023\/03\/Hoefeflohmarkt-2023-PLAKAT-hoch-A3-1-768x1080.jpg 768w, https:\/\/dfv-undenheim.de\/wp-content\/uploads\/2023\/03\/Hoefeflohmarkt-2023-PLAKAT-hoch-A3-1-1092x1536.jpg 1092w, https:\/\/dfv-undenheim.de\/wp-content\/uploads\/2023\/03\/Hoefeflohmarkt-2023-PLAKAT-hoch-A3-1.jpg 1145w\" sizes=\"auto, (max-width: 728px) 100vw, 728px\" \/><\/figure>\n\n\n\n<p><\/p>\n","protected":false},"excerpt":{"rendered":"<p>H\u00f6feFlohmarkt 2026 Anmeldung H\u00f6fe Anmeldung Verk\u00e4ufer H\u00f6feFlohmarkt 2025 mit Damen- sowie Kindersachenabgabebasar der Elterninitiative Undenheim Wiederverwertung, Geselligkeit und gute Laune: der H\u00f6feFlohmarkt samt Basaren 2025 29 H\u00f6fe, 75 Verk\u00e4ufer, ein belebter Ort, vielf\u00e4ltige Verpflegung, bunte Auswahl und positiv sommerliche Stimmung<\/p>\n","protected":false},"author":1,"featured_media":0,"parent":0,"menu_order":0,"comment_status":"closed","ping_status":"closed","template":"","meta":{"footnotes":""},"class_list":["post-1824","page","type-page","status-publish","hentry","","tg-column-two"],"aioseo_notices":[],"_links":{"self":[{"href":"https:\/\/dfv-undenheim.de\/index.php?rest_route=\/wp\/v2\/pages\/1824","targetHints":{"allow":["GET"]}}],"collection":[{"href":"https:\/\/dfv-undenheim.de\/index.php?rest_route=\/wp\/v2\/pages"}],"about":[{"href":"https:\/\/dfv-undenheim.de\/index.php?rest_route=\/wp\/v2\/types\/page"}],"author":[{"embeddable":true,"href":"https:\/\/dfv-undenheim.de\/index.php?rest_route=\/wp\/v2\/users\/1"}],"replies":[{"embeddable":true,"href":"https:\/\/dfv-undenheim.de\/index.php?rest_route=%2Fwp%2Fv2%2Fcomments&post=1824"}],"version-history":[{"count":36,"href":"https:\/\/dfv-undenheim.de\/index.php?rest_route=\/wp\/v2\/pages\/1824\/revisions"}],"predecessor-version":[{"id":3258,"href":"https:\/\/dfv-undenheim.de\/index.php?rest_route=\/wp\/v2\/pages\/1824\/revisions\/3258"}],"wp:attachment":[{"href":"https:\/\/dfv-undenheim.de\/index.php?rest_route=%2Fwp%2Fv2%2Fmedia&parent=1824"}],"curies":[{"name":"wp","href":"https:\/\/api.w.org\/{rel}","templated":true}]}}