{"id":5,"date":"2020-02-08T08:01:52","date_gmt":"2020-02-08T06:01:52","guid":{"rendered":"http:\/\/dorffoerderverein-undenheim.de\/?page_id=5"},"modified":"2021-04-18T14:36:48","modified_gmt":"2021-04-18T12:36:48","slug":"datenschutzerklaerung","status":"publish","type":"page","link":"https:\/\/dfv-undenheim.de\/?page_id=5","title":{"rendered":"Datenschutzerkl\u00e4rung"},"content":{"rendered":"\n<hr class=\"wp-block-separator\"\/>\n\n\n\n<h4 class=\"wp-block-heading\"><strong>Websitebetreiber<\/strong><\/h4>\n\n\n\n<p>Dorff\u00f6rderverein f\u00fcr die Gemeinde Undenheim e.V.<br>Claudia Schneider<br>St.-Alban-Str. 19<br>55278 Undenheim<\/p>\n\n\n\n<h4 class=\"wp-block-heading\"><strong>Grundlegendes<\/strong><\/h4>\n\n\n\n<p>Diese Datenschutzerkl\u00e4rung  soll die Nutzer dieser Website \u00fcber die Art, den Umfang und den Zweck  der Erhebung und Verwendung personenbezogener Daten durch den  Websitebetreiber informieren.<br>Der Websitebetreiber nimmt Ihren  Datenschutz sehr ernst und behandelt Ihre personenbezogenen Daten  vertraulich und entsprechend der gesetzlichen Vorschriften. Da durch  neue Technologien und die st\u00e4ndige Weiterentwicklung dieser Webseite  \u00c4nderungen an dieser Datenschutzerkl\u00e4rung vorgenommen werden k\u00f6nnen,  empfehlen wir Ihnen sich die Datenschutzerkl\u00e4rung in regelm\u00e4\u00dfigen  Abst\u00e4nden wieder durchzulesen.<\/p>\n\n\n\n<p>Definitionen der verwendeten Begriffe (z.B. \u201cpersonenbezogene Daten\u201d oder \u201cVerarbeitung\u201d) finden Sie in Art. 4 DSGVO.<\/p>\n\n\n\n<h4 class=\"wp-block-heading\"><strong>Zugriffsdaten<\/strong><\/h4>\n\n\n\n<p>Wir, der Websitebetreiber  bzw. Seitenprovider, erheben aufgrund unseres berechtigten Interesses  (s. Art. 6 Abs. 1 lit. f. DSGVO) Daten \u00fcber Zugriffe auf die Website und  speichern diese als \u201eServer-Logfiles\u201c auf dem Server der Website ab.  Folgende Daten werden so protokolliert:<\/p>\n\n\n\n<p>Besuchte Website<br>Uhrzeit zum Zeitpunkt des Zugriffes<br>Menge der gesendeten Daten in Byte<br>Quelle\/Verweis, von welchem Sie auf die Seite gelangten<br>Verwendeter Browser<br>Verwendetes Betriebssystem<br>Verwendete IP-Adresse<\/p>\n\n\n\n<p>Die Server-Logfiles werden f\u00fcr maximal 7 Tage gespeichert und  anschlie\u00dfend gel\u00f6scht. Die Speicherung der Daten erfolgt aus  Sicherheitsgr\u00fcnden, um z. B. Missbrauchsf\u00e4lle aufkl\u00e4ren zu k\u00f6nnen.  M\u00fcssen Daten aus Beweisgr\u00fcnden aufgehoben werden, sind sie solange von  der L\u00f6schung ausgenommen bis der Vorfall endg\u00fcltig gekl\u00e4rt ist.<\/p>\n\n\n\n<h4 class=\"wp-block-heading\"><strong>Reichweitenmessung &amp; Cookies<\/strong><\/h4>\n\n\n\n<p>Diese Website verwendet Cookies zur pseudonymisierten  Reichweitenmessung, die entweder von unserem Server oder dem Server  Dritter an den Browser des Nutzers \u00fcbertragen werden. Bei Cookies  handelt es sich um kleine Dateien, welche auf Ihrem Endger\u00e4t gespeichert  werden. Ihr Browser greift auf diese Dateien zu. Durch den Einsatz von  Cookies erh\u00f6ht sich die Benutzerfreundlichkeit und Sicherheit dieser  Website. <\/p>\n\n\n\n<p>Falls Sie nicht m\u00f6chten, dass Cookies zur Reichweitenmessung auf \nIhrem Endger\u00e4t gespeichert werden, k\u00f6nnen Sie dem Einsatz dieser Dateien\n hier widersprechen:<\/p>\n\n\n\n<p>Cookie-Deaktivierungsseite der Netzwerkwerbeinitiative: <a href=\"http:\/\/optout.networkadvertising.org\/?c=1#!\/\">http:\/\/optout.networkadvertising.org\/?c=1#!\/<\/a><br>Cookie-Deaktivierungsseite der US-amerikanischen Website: <a href=\"http:\/\/optout.aboutads.info\/?c=2#!\/\">http:\/\/optout.aboutads.info\/?c=2#!\/<\/a><br>Cookie-Deaktivierungsseite der europ\u00e4ischen Website: <a href=\"http:\/\/optout.networkadvertising.org\/?c=1#!\/\">http:\/\/optout.networkadvertising.org\/?c=1#!\/<\/a><\/p>\n\n\n\n<p>G\u00e4ngige Browser bieten die Einstellungsoption, Cookies nicht zuzulassen.<br><strong>Hinweis:<\/strong> Es ist nicht gew\u00e4hrleistet, dass Sie auf alle  Funktionen dieser Website ohne Einschr\u00e4nkungen zugreifen k\u00f6nnen, wenn  Sie entsprechende Einstellungen vornehmen.<\/p>\n\n\n\n<h4 class=\"wp-block-heading\"><strong>Erfassung und Verarbeitung personenbezogener Daten<\/strong><\/h4>\n\n\n\n<p>Der Websitebetreiber erhebt, nutzt und gibt Ihre personenbezogenen Daten  nur dann weiter, wenn dies im gesetzlichen Rahmen erlaubt ist oder Sie  in die der Datenerhebung einwilligen. Als personenbezogene Daten gelten s\u00e4mtliche Informationen, welche dazu  dienen, Ihre Person zu bestimmen und welche zu Ihnen zur\u00fcckverfolgt  werden k\u00f6nnen \u2013 also beispielsweise Ihr Name, Ihre E-Mail-Adresse und  Telefonnummer.<\/p>\n\n\n\n<p>Diese Website k\u00f6nnen Sie auch besuchen, ohne Angaben zu Ihrer Person \nzu machen. Zur Verbesserung unseres Online-Angebotes speichern wir \njedoch (ohne Personenbezug) Ihre Zugriffsdaten auf diese Website. Zu \ndiesen Zugriffsdaten geh\u00f6ren z. B. die von Ihnen angeforderte Datei oder\n der Name Ihres Internet-Providers. Durch die Anonymisierung der Daten \nsind R\u00fcckschl\u00fcsse auf Ihre Person nicht m\u00f6glich.<\/p>\n\n\n\n<p>Wir verarbeiten personenbezogene Daten wie <em>Vorname, Nachname, IP-Adresse, E-Mail-Adresse, Telefonnummer, Wohnort, Postleitzahl und Inhaltsangaben<\/em> bei der Kontaktaufnahme \u00fcber eMail.<\/p>\n\n\n\n<p>Wir verarbeiten personenbezogene Daten nur nach ausdr\u00fccklicher \nErlaubnis der betreffenden Nutzer und unter Einhaltung der geltenden \nDatenschutzbestimmungen.<\/p>\n\n\n\n<p>Ohne Ihre Einwilligung werden diese Daten nicht an Dritte weitergegeben.<\/p>\n\n\n\n<p>Die Verarbeitung der personenbezogenen Daten erfolgt aufgrund unseres\n berechtigten Interesses zur Erf\u00fcllung unserer vertraglich vereinbarten \nLeistungen und zur Optimierung unseres Online-Angebotes.<\/p>\n\n\n\n<h4 class=\"wp-block-heading\"><strong>Rechte des Nutzers<\/strong><\/h4>\n\n\n\n<p>Sie haben als Nutzer das Recht, auf Antrag eine kostenlose Auskunft \ndar\u00fcber zu erhalten, welche personenbezogenen Daten \u00fcber Sie gespeichert\n wurden. Sie haben au\u00dferdem das Recht auf Berichtigung falscher Daten \nund auf die Verarbeitungseinschr\u00e4nkung oder L\u00f6schung Ihrer \npersonenbezogenen Daten. Falls zutreffend, k\u00f6nnen Sie auch Ihr Recht auf\n Datenportabilit\u00e4t geltend machen. Sollten Sie annehmen, dass Ihre Daten\n unrechtm\u00e4\u00dfig verarbeitet wurden, k\u00f6nnen Sie eine Beschwerde bei der \nzust\u00e4ndigen Aufsichtsbeh\u00f6rde einreichen.<\/p>\n\n\n\n<h4 class=\"wp-block-heading\"><strong>L\u00f6schung von Daten<\/strong><\/h4>\n\n\n\n<p>Sofern Ihr Wunsch nicht mit einer gesetzlichen Pflicht zur \nAufbewahrung von Daten (z. B. Vorratsdatenspeicherung) kollidiert, haben\n Sie ein Anrecht auf L\u00f6schung Ihrer Daten. Von uns gespeicherte Daten \nwerden, sollten sie f\u00fcr ihre Zweckbestimmung nicht mehr vonn\u00f6ten sein \nund es keine gesetzlichen Aufbewahrungsfristen geben, gel\u00f6scht. Falls \neine L\u00f6schung nicht durchgef\u00fchrt werden kann, da die Daten f\u00fcr zul\u00e4ssige\n gesetzliche Zwecke erforderlich sind, erfolgt eine Einschr\u00e4nkung der \nDatenverarbeitung. In diesem Fall werden die Daten gesperrt und nicht \nf\u00fcr andere Zwecke verarbeitet.<\/p>\n\n\n\n<h4 class=\"wp-block-heading\"><strong>Widerspruchsrecht<\/strong><\/h4>\n\n\n\n<p>Nutzer dieser Webseite k\u00f6nnen von ihrem Widerspruchsrecht Gebrauch \nmachen und der Verarbeitung ihrer personenbezogenen Daten zu jeder Zeit \nwidersprechen.<\/p>\n\n\n\n<p>Wenn Sie eine Berichtigung, Sperrung, L\u00f6schung oder Auskunft \u00fcber die  zu Ihrer Person gespeicherten personenbezogenen Daten w\u00fcnschen oder  Fragen bzgl. der Erhebung, Verarbeitung oder Verwendung Ihrer  personenbezogenen Daten haben oder erteilte Einwilligungen widerrufen  m\u00f6chten, wenden Sie sich bitte an folgende E-Mail-Adresse:  <a href=\"mailto:datenschutz@dorff\u00f6rderverein-undenheim.de\">datenschutz(at)dfv-undenheim.de<\/a><\/p>\n\n\n\n<hr class=\"wp-block-separator\"\/>\n","protected":false},"excerpt":{"rendered":"<p>Websitebetreiber Dorff\u00f6rderverein f\u00fcr die Gemeinde Undenheim e.V.Claudia SchneiderSt.-Alban-Str. 1955278 Undenheim Grundlegendes Diese Datenschutzerkl\u00e4rung soll die Nutzer dieser Website \u00fcber die Art, den Umfang und den Zweck der Erhebung und Verwendung personenbezogener Daten durch den Websitebetreiber informieren.Der Websitebetreiber nimmt Ihren Datenschutz<\/p>\n","protected":false},"author":1,"featured_media":0,"parent":0,"menu_order":0,"comment_status":"closed","ping_status":"closed","template":"page-templates\/page-builder.php","meta":{"footnotes":""},"class_list":["post-5","page","type-page","status-publish","hentry","","tg-column-two"],"aioseo_notices":[],"_links":{"self":[{"href":"https:\/\/dfv-undenheim.de\/index.php?rest_route=\/wp\/v2\/pages\/5","targetHints":{"allow":["GET"]}}],"collection":[{"href":"https:\/\/dfv-undenheim.de\/index.php?rest_route=\/wp\/v2\/pages"}],"about":[{"href":"https:\/\/dfv-undenheim.de\/index.php?rest_route=\/wp\/v2\/types\/page"}],"author":[{"embeddable":true,"href":"https:\/\/dfv-undenheim.de\/index.php?rest_route=\/wp\/v2\/users\/1"}],"replies":[{"embeddable":true,"href":"https:\/\/dfv-undenheim.de\/index.php?rest_route=%2Fwp%2Fv2%2Fcomments&post=5"}],"version-history":[{"count":17,"href":"https:\/\/dfv-undenheim.de\/index.php?rest_route=\/wp\/v2\/pages\/5\/revisions"}],"predecessor-version":[{"id":1677,"href":"https:\/\/dfv-undenheim.de\/index.php?rest_route=\/wp\/v2\/pages\/5\/revisions\/1677"}],"wp:attachment":[{"href":"https:\/\/dfv-undenheim.de\/index.php?rest_route=%2Fwp%2Fv2%2Fmedia&parent=5"}],"curies":[{"name":"wp","href":"https:\/\/api.w.org\/{rel}","templated":true}]}}